(f)?
-7
Let w(l) = l**3 - 7*l**2 + 6*l + 3. Let r(i) = -2*i - 7 + 2*i - i + 2. Let q be r(-4). Let f be q/(-6)*3*12. Give w(f).
3
Let s be ((-2)/(-5))/((-1)/10). Let o(d) = 2*d + 4. Let t(l) = 5*l + 9. Let h be (-23)/(-7) - 10/35. Let g(i) = h*t(i) - 7*o(i). What is g(s)?
-5
Let i(a) be the first derivative of -a**6/120 + a**5/40 - a**4/24 - 5*a**3 + 12. Let u(z) be the third derivative of i(z). What is u(2)?
-7
Let c(j) = -j + 4. Let d(k) = 5*k - 15. Let i(z) = 9*c(z) + 2*d(z). Let w = -86 - -79. Determine i(w).
-1
Let n(k) = -5*k - 13*k**2 + 1 + 9*k - 4*k. Let l(y) = y + 4. Let v be l(-4). Suppose 3*z - 2*t + 4 + 5 = v, 0 = 3*t - 9. What is n(z)?
-12
Let l(d) = 9*d + 1. Let o = -34 - -38. Suppose -5*p + 11 = -2*k, -o*p + 2*k + 9 = -1. Calculate l(p).
10
Let x(g) = g**3 + 3*g**2 + 2*g + 2. Let y(p) = p**2 + p - 1. Let m(r) = -x(r) - 2*y(r). Let t be m(-3). Let b(o) = 1061 + 979 - 2049 - o. Calculate b(t).
-3
Let n(m) = -2*m + 2. Let p(d) = -d**3 - d**2 - d. Let q be p(0). Suppose h - 1 + 3 = q. What is n(h)?
6
Let c(x) = -x - 4. Suppose 0 = 2*a + 4*a - 108. Let z be (-2 - (-32)/a) + (-16)/9. Calculate c(z).
-2
Let u(z) = -7*z**2 - 2*z - 4. Let d(k) = 14*k**2 + 4*k + 7. Let x(t) = -3*d(t) - 5*u(t). Let l = 93 + -94. Determine x(l).
-6
Let g = -195 - -208. Let h(p) = p**3 - 14*p**2 + 13*p + 8. Determine h(g).
8
Let s(k) be the second derivative of -k**3/6 - k**2/2 + 375*k. Suppose -3*d + 6 + 6 = 0. What is s(d)?
-5
Let q = 9 + -29. Let d = q + 22. Let l(b) = b**3 - 2*b + 0*b + d*b**2 + 5*b**2 + 2 - 2*b**2. What is l(-5)?
12
Let z(v) = 8*v**2 - v - 1. Suppose 3*q - 7 = 4*x, x - q + 6 = 4*q. Calculate z(x).
8
Let a(c) = -5*c - 6. Let d(q) = 79*q**2 + 395*q - 7. Let o be d(-5). Determine a(o).
29
Let n = -3 + 7. Suppose r + n = -x, -r - 4 = -3*x + 16. Let w(d) = d**3 + 9*d**2 + 9*d + 4. Determine w(r).
-4
Suppose 45 = 14*l + 3. Let p(v) = -v + 7. What is p(l)?
4
Let u = 208/315 + 2/315. Let t(d) be the second derivative of 5*d + 4/3*d**3 + 0 - 3/2*d**2 - u*d**4 + 1/20*d**5. Give t(7).
4
Let a(t) = 4*t + 6. Suppose 0 = -5*q - 7 - 8. Let l be a(q). Let g(p) = 0*p**2 + 3*p - 2*p + 7*p**2 - p**2 - 4 + p**3. Give g(l).
-10
Let n(u) = -16 + u**2 - u + 2*u + 7. Give n(0).
-9
Let j = 309 - 307. Let q(z) = -z**3 + z**2 - 3*z + 1. What is q(j)?
-9
Let y(k) = k + 5. Suppose 0 = -4*h + 12 + 36. Let p be (-8)/h + 17/3. Suppose 3 = -p*u - 27. What is y(u)?
-1
Let v(a) = -172*a + 177*a + 48*a**2 - 6 + a**3 - 42*a**2. Give v(-5).
-6
Let a(o) = -8*o - 42. Suppose 47*i - 76*i = 145. Give a(i).
-2
Let i(a) = -a**3 + 9*a**2 + 5*a - 10. Suppose -10*f = -83 - 7. Determine i(f).
35
Let d(r) = 3*r - 10. Suppose -4*y + 4 = 0, -2*g - y + 6*y = 3. Give d(g).
-7
Let x(w) = -2*w + 17. Let t be x(6). Let l(q) = -4*q**2 + 2*q. Let r(d) = 7*d**2 - 3*d. Let g(h) = t*l(h) + 3*r(h). Let s be 1 + -2*(-4)/(-2). Calculate g(s).
6
Let c(f) = -f**3. Let q(r) = -r**2 - r + 8. Let y be q(0). Let z = 1 + -7. Let s = y + z. Give c(s).
-8
Suppose -4*z = -2*w + w - 12, -4*w = -3*z + 9. Let i(l) = 4 - 4*l**2 + 6*l**2 + 2 + l**2. Let k(m) = m**2 + 1. Let y(s) = -i(s) + 4*k(s). Calculate y(z).
7
Suppose 4*k = 4*k - 2*k. Suppose -3*v + 8*v - 15 = k. Let a(h) = 4*h - 4. Give a(v).
8
Let r be (-1 + 3/4)*-2. Let m(c) be the second derivative of -c + 0 + 2/3*c**3 - r*c**2. Give m(2).
7
Let z(d) = -1 + d + 9 + d**2 - 2 - 3. What is z(-4)?
15
Let l(b) be the third derivative of -b**6/120 + b**5/30 + 5*b**4/24 + 2*b**2. Let h be 4/(-22) + 13 + (-97)/11. Calculate l(h).
-12
Let w(v) = -v**2 - 1. Let s = -171 - -83. Let h = 90 + s. Determine w(h).
-5
Let a(x) = -x + 12. Let m be (-24)/(-10)*10/4. Let f be (m*(4 - 6))/(-2). Suppose -f*v = -5*v. Calculate a(v).
12
Let g(l) be the third derivative of -l**5/60 - 5*l**4/24 + 11*l**3/6 + 315*l**2. Give g(2).
-3
Let x(a) = -5*a**2 + 2*a - 2. Suppose 14 = 6*m + 8. What is x(m)?
-5
Let b(r) = -r**3 + 6*r**2 + 7*r - 4. Let u be b(7). Let h be (u - (-1 - 2)) + 2. Let i(w) = 8*w + 1 + h + 3*w - 7*w. Give i(-2).
-6
Let b(v) = -13*v**2 + 5*v + 3. Let n(r) = 2*r**2 - 2*r + 2. Let q(d) = -b(d) - 6*n(d). Determine q(-13).
63
Let u(s) = -18*s - 13. Let n(b) = -9*b - 5. Let j(o) = 5*n(o) - 2*u(o). Calculate j(-3).
28
Let x be 11/((-88)/24)*(-8)/(-6). Let j(p) be the first derivative of p**6/360 - 5*p**4/24 - p**3/3 - 1. Let k(m) be the third derivative of j(m). Give k(x).
11
Let k(z) = 4*z**3 + 2*z**2 + 2*z + 1. Suppose 8*o + 59 = 51. Calculate k(o).
-3
Let o(s) = s + 1. Let r be (3 - (-6)/(-3)) + 3. Suppose r*k = 24 + 4. Calculate o(k).
8
Let y = -1184 - -1192. Let h(n) = 0 - 1 - n + 6. Calculate h(y).
-3
Let n(u) = -104*u + 43*u - 2 + 71*u. What is n(2)?
18
Let h = 81 + -76. Suppose -3*q + 4*l = 29, 17 = 4*q + h*l + 4. Let c(a) = 6*a + 1. Give c(q).
-17
Let t(u) = -u + 5. Let l(j) = 4*j - 10. Let f be l(5). Let s = -5 + f. Determine t(s).
0
Let o(g) = 16*g - 83. Let n(c) = 4*c - 27. Let w(b) = 7*n(b) - 2*o(b). Determine w(-10).
17
Let f(w) be the second derivative of 2*w**5/5 - w**4/12 + w**3/3 - w**2/2 - 78*w. What is f(1)?
8
Let z(s) = -s**3 + 5*s**2 + 7*s + 3. Let i be z(6). Let u(b) = -b**3 + 10*b**2 - 10*b + 13. Let y be u(i). Let w(o) = o + 3 + 1 - y*o + 4*o. Determine w(0).
4
Let u(a) = 12*a + 247. Let z be u(-21). Let t(o) = -2*o**2 - 6*o + 7. Determine t(z).
-13
Let o(n) = n**3 - 3*n**2 + 4*n - 2. Let x(c) = -12*c - 42 + 12*c + 4*c. Let w be x(11). Determine o(w).
2
Let l(n) = -12*n - 24. Let y be l(-2). Let o(m) = m**2 - m - 14. What is o(y)?
-14
Let n(y) = -72*y**3 - 2 + 2*y - y**2 + 2 + 67*y**3. Give n(-2).
32
Let n(k) = -14*k + 3. Suppose -5 = 6*f - f. Let i(d) = -d + 1. Let z(j) = f*n(j) + 2*i(j). Determine z(1).
11
Let h = -12 - -15. Let g(f) be the first derivative of 3 + 3*f + 4*f**2 + h*f - 5*f. What is g(1)?
9
Let h(q) = q**3 + 6*q**2 + q - 8. Let b = -1289 - -1284. What is h(b)?
12
Let t(z) be the third derivative of -z**6/120 - z**5/10 - z**4/12 - z**3/3 + z**2. Let p(x) = -11 + 11 + x**2 - 23*x + 5*x - 6. Let b be p(18). What is t(b)?
10
Let h = -21 - -13. Let t(c) = 110*c**2 + c**3 - 223*c**2 - 9*c + 2 + 120*c**2. What is t(h)?
10
Suppose 2161 = -2*m + 2167. Let c(s) be the first derivative of -1/3*s**m + 6*s - 1/2*s**2 + 9. Calculate c(0).
6
Let y(g) = 5*g**3 - 7*g**2 - g - 8. Let v(q) = 14*q**3 - 20*q**2 - 3*q - 23. Let r(i) = 6*v(i) - 17*y(i). Suppose -116*x - 191 - 41 = 0. Determine r(x).
4
Let t(k) = k - 2*k - 700*k**2 + k**3 + 698*k**2. Calculate t(-1).
-2
Let l(j) be the second derivative of 5*j**3/6 + 3*j**2/2 - 59*j. Determine l(7).
38
Let t(w) be the third derivative of w**7/5040 + w**6/360 + w**5/30 - 2*w**2. Let j(g) be the third derivative of t(g). Let y = 23 + -23. Calculate j(y).
2
Let z(u) = 10*u**3 + u**2 + 2*u + 1. Suppose -q = 3*g + 4, 0 = -3*q - g + 3 - 7. What is z(q)?
-10
Let z(f) be the third derivative of f**6/120 + 7*f**5/60 - f**4/12 - 7*f**3/6 + 71*f**2 - 2*f. Give z(-7).
7
Let w(r) = -r**3 - 3*r**2 + 5*r + 5. Let x(c) = -11 + 5*c**3 + 3 - 4*c**3 - 5 + 10*c**2 + 8*c. Let q be x(-9). What is w(q)?
1
Let h be 33/6 + -3 + 4/(-2). Let j(k) be the second derivative of h*k**2 - 11*k - 1/6*k**3 + 0. Give j(2).
-1
Let p(o) = -201*o - 111. Let y(n) = 30*n + 16. Let z(f) = 4*p(f) + 27*y(f). Determine z(-9).
-66
Let h(i) = 2*i + 9. Suppose -5*n = -15*n - 110. Calculate h(n).
-13
Let j(f) be the first derivative of -f**3/3 + f**2 - 2*f + 17. Let a(n) = 3*n - 3. Let x be a(2). Suppose 4*r + 11 = 4*s + x, 0 = -3*r. Give j(s).
-2
Let k(u) be the second derivative of -u**3/6 + u**2 + 474*u. Suppose 2*i - 2*r = -3*r + 10, -r = 5*i - 22. What is k(i)?
-2
Let w(o) = -o**3 + 5*o**2 + 4*o - 3. Suppose -10*b - 125 = -185. Give w(b).
-15
Let g = -15 + 5. Let a be 4/(-1)*g/8. Let o(l) = -5*l + 5. Let s(d) = d - 1. Let k(c) = o(c) + 4*s(c). Calculate k(a).
-4
Suppose 33 = -v + 30. Let p(b) = 2*b**3 + 4*b**2 - 3*b - 5. Give p(v).
-14
Let b(w) = w**3 - 9*w**2 - 11*w - 5. Suppose 90*j - 445 - 455 = 0. Determine b(j).
-15
Let q(i) = 3*i - 1. Suppose 4 = -2*t - 2*t. Let u(p) = p**2 + p + 1. Let d(h) = t*q(h) - u(h). Give d(-3).
3
Let b be 4/8*3*5/30. Let k(u) be the first derivative of 3*u + b*u**4 - u**3 + 1 + u**2. Determine k(3).
9
Let j(r) = -5*r**2 + r - 6. Let t = -24 + 27. Let c(y) = 2*y**2 + 2. Let w(b) = t*j(b) + 8*c(b). Let o(q) = -q + 4